ctors of c?
2, 5
Let b = -169 + 327. List the prime factors of b.
2, 79
Let m be (1/2)/((-1)/6). What are the prime factors of ((-2)/m)/(8/300)?
5
Suppose 6*t = 3*t - 99. List the prime factors of ((-11)/t)/(1/51).
17
Suppose -3*n = 6*n - 162. List the prime factors of n.
2, 3
Let l be 1 + (-67 - 2/(-1)). What are the prime factors of (l/2)/(-2) - 1?
3, 5
Suppose 153 = 10*w - 7*w. List the prime factors of w.
3, 17
Let c be 0 + (-1 + 2 - -11). Suppose -2*b = -3*b - c. Let j = b - -25. What are the prime factors of j?
13
List the prime factors of (-2 - -1)*1 + (-11 - -359).
347
Suppose -2*v + 0*v + 142 = 0. Let k = -43 + v. What are the prime factors of 86/7 - 8/k?
2, 3
Suppose 2*d - 3*b + 4*b = 238, -3*b = -3*d + 339. List the prime factors of d.
3, 13
Let m be (12/18)/(4/(-66)). Let f = m - -15. What are the prime factors of f?
2
Suppose 470 = 14*p - 1644. What are the prime factors of p?
151
Suppose -5*d = -d - 4. List the prime factors of (d - 3) + (14 - -3).
3, 5
Let c = -32 - -66. List the prime factors of c.
2, 17
Suppose -6*s + 35 = -s + 5*b, 2*b + 16 = 4*s. Suppose 0 = -5*r - 0*a - s*a, 0 = 3*r + 4*a. Suppose r = -4*d + 2*d + 18. List the prime factors of d.
3
Let b = -3 + 10. What are the prime factors of b?
7
Let f(l) = l**3 - l**2 - l + 6. Let k = 6 + -4. Suppose 6*r = k*r. What are the prime factors of f(r)?
2, 3
Let v(b) = b**2 - b + 6. Let f be v(3). Let z = 27 + f. List the prime factors of z.
3, 13
Suppose 37 = 2*k + 5*j, 2*k = -0*j - 3*j + 43. Let l = k + 9. List the prime factors of l.
5, 7
Suppose 0 = -4*m - 5*z + 8, -5*m + 4 = -3*m + z. Suppose 9 = m*o + 1. Suppose -3*j = o*l - 8*j + 5, 25 = 5*j. List the prime factors of l.
5
Let s = 22 + -10. What are the prime factors of s?
2, 3
Let d(r) = -5*r**3. Let c be d(-1). Suppose 61 = 5*o + 4*k, c*o - 3*k = 4*o - 3. Suppose -2*p + 5 + o = 0. List the prime factors of p.
7
Let y(n) = -n**3 - n + 5. Suppose 5 = 4*x - a, 2*a = -1 - 9. Let k be y(x). Suppose -3*i + k = -25. What are the prime factors of i?
2, 5
Let w(h) be the second derivative of 31*h**3/6 - 2*h. Let t be w(-1). Let x = 43 + t. What are the prime factors of x?
2, 3
Suppose 2*h = -2 + 14. Let k be (8 + -2)/(3/2 - 3). Let j = h + k. What are the prime factors of j?
2
Suppose -l - 4*l = 0. Let r = -21 - -10. List the prime factors of l + 1/((-1)/r).
11
Suppose 2*i = 4*i - f - 12, 0 = -4*f. Suppose -135 = m - i*m. List the prime factors of m.
3
Let z(x) = x**3 + 0*x + 0*x - 9*x**2 - 12 + 3*x. List the prime factors of z(9).
3, 5
Suppose 2*l - 19 = -7. List the prime factors of l.
2, 3
Let b = -5 - -153. What are the prime factors of b?
2, 37
Let s(l) = l - 6. Let x be s(6). Suppose x*c - h + 16 = -c, -5*c + 2*h - 68 = 0. List the prime factors of 120/9*c/(-10).
2
Suppose -y = -5*g + 1, 0*y + 3*g - 21 = 4*y. Let p be (20/y)/((-4)/(-12)). What are the prime factors of ((-6)/(-15))/((-2)/p)?
2
Suppose -5*b - 3*q = 79, 3*b - 7*b - 64 = 2*q. Let t = b + 24. List the prime factors of t.
7
Let k be (56/(-5))/(2/(-10)). Suppose 0 = 4*g + 5*a - 48, 4*g - 3*a + 8 = k. What are the prime factors of g?
2, 3
Let z(m) = 3*m - 5. Suppose 5*r = -0*r. Let n be (5 - r)/(-2 - -3). What are the prime factors of z(n)?
2, 5
Let a(p) = -8*p**3 - p**2 - p - 2. Let y be a(-2). Let q be (0 + 15)*y/18. Suppose 6*i - q = i. What are the prime factors of i?
2, 5
Let k(w) = -w**2 + 2. Suppose -3*s = -2*s. Let f be k(s). Let r = f + 3. What are the prime factors of r?
5
Suppose 0 = -i + g - 6*g + 105, -i = 4*g - 105. List the prime factors of i.
3, 5, 7
Suppose 4 - 7 = -m. Let h be m/18 - 2/12. Suppose 4*d - 1 = g, -2*g + 7*g + 2*d - 39 = h. What are the prime factors of g?
7
Let t(o) = -o**2 + o + 21. List the prime factors of t(0).
3, 7
Let r = -372 + 552. List the prime factors of r.
2, 3, 5
Let w(f) = -2*f - 7. Let b be w(-7). Let c = b + 2. List the prime factors of c.
3
Let p = -10 - -14. Suppose -p*l + 7 + 22 = 5*r, -5*l = 5*r - 35. What are the prime factors of l?
2, 3
Let i(a) = -14*a - 3. Let x be i(-2). Suppose -2*s = 5*j + 2*s - x, 2*j + 8 = 2*s. Suppose -j = -w - d, 4*d - 3*d = -2. What are the prime factors of w?
3
Suppose -63 = -5*h + 132. What are the prime factors of h?
3, 13
Let l(t) = t + 1. Let d(h) = -4*h + 8. Let c(v) = d(v) + 3*l(v). Let y be c(0). Suppose 5*p - 49 = y. What are the prime factors of p?
2, 3
Let x be 1*-1*(-10)/5. Suppose r = -2*t + 38, -2*r = x*r - 4*t - 176. List the prime factors of r.
2, 3, 7
Suppose 6 = -4*z - 2*q - 0*q, -3*z - 32 = -4*q. Let j = z + 14. List the prime factors of 8/j*2*5.
2
List the prime factors of -1*(-1 + 5)*1101/(-12).
367
Suppose -3*m + 187 = -233. What are the prime factors of m?
2, 5, 7
Let f = 73 + -112. Let k = -6 - f. List the prime factors of k.
3, 11
Let a = 32 + -19. List the prime factors of a.
13
Let s be 2/(-8) + (-5)/(-20). Suppose 3*q - q + 48 = s. Let z = 36 + q. List the prime factors of z.
2, 3
Let v(b) be the first derivative of b**4/4 + 7*b**3/3 + 3*b**2 - 3*b - 1. List the prime factors of v(-5).
17
Suppose 4*v = -7 - 21. Let m = -2 + 6. Let h = m - v. List the prime factors of h.
11
Let r(a) = -a**2 - a + 2. Let m be r(0). Suppose -m*y = 7 - 29. What are the prime factors of y?
11
Let j(s) = s**2 - 3. Suppose -5*p + 2*o - 24 = -6, -23 = 5*p + 3*o. List the prime factors of j(p).
13
Let i(c) = 2*c + 1. List the prime factors of i(11).
23
Suppose 236 = d + d. Let b = d + -70. Suppose b = 3*m + m. List the prime factors of m.
2, 3
Let j be 22 - ((-3)/(-3) + 2). Let w be 2/((-78)/(-74) - 1). Let g = w - j. List the prime factors of g.
2, 3
Let c be 33/4*12/(-3). Let t = -6 - c. What are the prime factors of t?
3
Let z(i) = -11*i**3 + 2*i + 1. List the prime factors of z(-1).
2, 5
Let m = -187 - -423. List the prime factors of m.
2, 59
Let s = -55 - -210. List the prime factors of s.
5, 31
Let m = -11 - -5. List the prime factors of 140/5*m/(-4).
2, 3, 7
Let h(p) be the second derivative of p**3/6 + 5*p**2 + 8*p. What are the prime factors of h(-8)?
2
Let q = -1 - -1. Let c(d) = d**3 - 3*d**2 + q + 6 - 4 + 3*d. What are the prime factors of c(3)?
11
Let w(n) = -n**3 + 8*n**2 + 13*n - 29. List the prime factors of w(9).
7
Let d = -55 - -77. What are the prime factors of d?
2, 11
List the prime factors of (-358)/(-4)*10/(-1 + 6).
179
Suppose 0 = 5*n - 63 - 522. List the prime factors of n.
3, 13
List the prime factors of 12*(-14)/(-4) + 0.
2, 3, 7
Let b(s) = 8*s - 5 + s**2 - 2*s**2 - 17*s. Let p be b(-8). Suppose p*a - 9 = 3. List the prime factors of a.
2
List the prime factors of 145 + (-6)/15*-10.
149
Let b(j) = 27*j + 2. List the prime factors of b(4).
2, 5, 11
Let a be 3/9 - 668/(-12). Suppose -a = -5*z + 3*s, -4*s = 5 + 3. What are the prime factors of z?
2, 5
Suppose -925 = 91*m - 96*m. List the prime factors of m.
5, 37
Let u = -26 - -47. Let o be 3 + (-5)/((-15)/(-24)). Let g = u + o. What are the prime factors of g?
2
Let i = -11 - -5. Let c be 1/(0 + (-2)/i). Suppose -3*o + 2*o + c = 0. What are the prime factors of o?
3
Let k(i) = 0 - 2 + 4 + i. Let r be k(-4). List the prime factors of (27/(-6) + 0)*r.
3
Suppose 3*q - 24 + 6 = 0. What are the prime factors of q?
2, 3
Suppose 6*w = w + 80. List the prime factors of 93/4 + (-4)/w.
23
Let z(r) be the first derivative of 19*r**3/3 - r**2/2 + 1. Let b be z(1). Let y = b + -11. What are the prime factors of y?
7
List the prime factors of ((-118)/(-4))/(3/12).
2, 59
Suppose -8 - 1 = a. Let d = -2 - a. List the prime factors of d.
7
Suppose 0 = -i - 4*z + 45, -3*i = -0*z - 4*z - 215. Suppose n - i = -4*n. What are the prime factors of n?
13
Suppose -m = 2*m + 18. Let a(t) = t**3 + t + 1. Let s(r) = 3*r**3 + 5*r**2 - r + 8. Let j(p) = 2*a(p) - s(p). List the prime factors of j(m).
2, 3
Let t be 6*(28/(-8))/7. List the prime factors of (-81)/t + 2 + -4.
5
Let k be 1/(-4) + 2/8. Suppose -3*v + 9 = k, 0 = -s + 4*v - 2 + 19. List the prime factors of s.
29
Let t(f) be the first derivative of f**2/2 - 4*f - 2. Let k be t(5). What are the prime factors of k/(-2)*0 - -12?
2, 3
Suppose 0 = -3*y + y + 3*o + 57, y + 3*o = 33. Suppose 0 = 2*u - 5*n - 54, 0*u + n + y = u. What are the prime factors of u?
2
Let v = -18 + 39. What are the prime factors of v?
3, 7
Let d be (-1 + -5)*(0 - -1). Let s(b) = b**3 + 7*b**2 - 4 - b + 